hest common divisor of 1 and d?
1
Let p = 60 + -31. What is the greatest common divisor of p and 145?
29
Suppose 5*z - 14 - 6 = 0. Suppose 0 = -4*x - z + 12. Suppose -5*g + 216 = -x*g. What is the highest common factor of 8 and g?
8
Suppose -2*n + l = 0, 0 = -n - 7*l + 4*l + 14. Let p be 480/(-45)*3/(-2). Calculate the highest common divisor of n and p.
2
Suppose 42 = 2*p + 2. Calculate the highest common divisor of 40 and p.
20
Suppose 0 = -2*t - 8, 2*b + 5*t - 184 + 72 = 0. Calculate the greatest common factor of b and 6.
6
Suppose -p + 310 = 3*u - 495, 5*p = 4*u - 1048. Suppose -3*a - u = y - 5*y, -5*y - 3*a + 300 = 0. Calculate the greatest common factor of y and 7.
7
Let z = 3 + -7. Let q be (z/10)/((-3)/75). What is the greatest common divisor of q and 50?
10
Let c be (-2 - (-15)/(-6))*-20. What is the highest common factor of c and 18?
18
Let z = 31 + -19. Suppose -z + 64 = 4*y. Calculate the highest common factor of 143 and y.
13
Let q = -44 + 47. What is the greatest common divisor of 24 and q?
3
Suppose -2*y + 1 = j, 3*y = 2*j - 5*j - 6. Suppose -2*m - 4*a + 80 = 0, -2*m - 4*a = -y*a - 80. What is the greatest common divisor of m and 20?
20
Let j be 23/3 - (-3)/9. Calculate the greatest common divisor of j and 32.
8
Let v = -62 + 158. Let l be ((-1)/2)/(2/16). Let n be l/((-2)/2)*3. What is the greatest common factor of n and v?
12
Let k = 75 - 71. Calculate the greatest common divisor of k and 1.
1
Suppose 5*c = f + 10, -5*c + 30 = 5*f - 2*f. Suppose -x = 3, 0 = -5*p + 2*p + f*x + 210. Calculate the highest common divisor of 13 and p.
13
Let k = 150 + 13. Let g = k + -317. Let i = -55 - g. What is the highest common factor of 9 and i?
9
Let u(h) = 11*h**2 + 4*h - 2. Let r be u(-3). Calculate the highest common factor of 34 and r.
17
Let b(i) = -i**2 + 7*i - 16. Let o be b(7). Let n = o - -30. Suppose s - 32 = 122. Calculate the greatest common factor of n and s.
14
Let q = -16 + 18. What is the highest common divisor of 2 and q?
2
Suppose 6*c = 3*c + 99. Calculate the greatest common factor of 77 and c.
11
Let r be (-1731)/(-15) - (-3)/5. Calculate the highest common divisor of 29 and r.
29
Let d = 27 + -21. What is the highest common divisor of d and 8?
2
Suppose 2*m - 62 = -3*x, 5*m - 107 = -4*x - 22. Calculate the highest common divisor of x and 8.
4
Let p = 115 - 65. Calculate the highest common divisor of 20 and p.
10
Suppose -c + 162 = 2*c. What is the highest common divisor of c and 81?
27
Suppose 3*f + 2*f - 10 = 0, -2*t = f - 14. Let q = t - -5. What is the highest common factor of q and 66?
11
Let b(t) = t + 10. Let o be b(-10). Suppose -3*y - c = -o*y - 5, 8 = 2*y + 3*c. What is the highest common divisor of 9 and y?
1
Suppose -33 = -4*j - 1. Let s(v) = -v**3 + 7*v**2 + 9*v - 2. Let o be s(j). Let m = -5 + 7. What is the greatest common divisor of o and m?
2
Let u be 4/2 + (-64)/2. Let i = 0 - u. What is the highest common divisor of 10 and i?
10
Suppose 5*j - 10 = 0, -2*a + 2*j = a - 95. Calculate the greatest common divisor of 44 and a.
11
Let f = 19 - 12. Suppose 2*d + 2*g - 8 = 0, g - 6*g + 4 = -3*d. Suppose o = d*q + f, o + 16 = 3*o - 5*q. What is the highest common divisor of 30 and o?
3
Let p be (-344)/(-16) + 3/(-2). Calculate the greatest common factor of p and 160.
20
Suppose 3*g - 2 = -r - 0*g, 0 = 2*r - 3*g - 4. Let j be (-6)/10 - r/5. Let p be (429/6)/(j/(-2)). Calculate the highest common factor of p and 13.
13
Let t(s) = -s**3 - 5*s**2 - s + 5. Let l be t(-5). What is the highest common divisor of 10 and l?
10
Let g = 24 - 2. What is the greatest common factor of g and 11?
11
Suppose 7*h = 3*h + 468. Suppose 6*c - 52 = 2*c. Calculate the highest common factor of h and c.
13
Let b(c) = c**3 - 3*c**2 - 5*c + 4. Let z be b(4). Suppose 4*h + 0*h - 60 = z. Calculate the highest common divisor of h and 105.
15
Suppose -4*v - v = -2*n - 180, -3*v + 4*n + 94 = 0. Let b = v + -20. Let r = -44 + 89. What is the greatest common divisor of r and b?
9
Let d be 1/((-4)/460*-1). What is the highest common factor of d and 23?
23
Let c = -5 - -4. Let a be (-1 - -3)*6*c. Let z = a + 21. Calculate the greatest common divisor of 18 and z.
9
Suppose 4*n + 5 = 25, 4*u - n - 67 = 0. Calculate the highest common factor of u and 12.
6
Let t be (0*(-2)/4)/(-1). Let d = 14 + t. Calculate the greatest common divisor of d and 2.
2
Suppose 696 = 5*u + 216. Let y(z) = -z**3 + z**2 - z - 2. Let a be y(-2). Calculate the highest common divisor of u and a.
12
Let j = 11 - 4. Suppose -r + 3 = 8. Let p = 12 + r. Calculate the highest common factor of p and j.
7
Let i = 44 - 28. Let w(a) be the second derivative of a**3/6 + 4*a**2 - a. Let u be w(0). Calculate the highest common factor of u and i.
8
Suppose 3*j - 112 = j. Suppose 3*c + 17 = 38. Calculate the highest common divisor of c and j.
7
Let b = -20 - -28. What is the greatest common factor of 104 and b?
8
Let d be -3*8/(-6) + 112/8. Calculate the highest common factor of d and 42.
6
Let q = -5 + 8. Suppose -2 = -0*w - w. Suppose 0*h - w*h + 5*a = -82, -4*h + 150 = -q*a. Calculate the greatest common factor of h and 12.
12
Let q = -4 + 6. Suppose 3*g + 7 + q = 0, -5*g = -4*a + 975. Let x = 58 + -34. Calculate the highest common factor of x and a.
24
Let g be 3*-1*(-26)/2. What is the highest common divisor of g and 26?
13
Let h(f) = -2*f**2 - 2*f**2 - 4 + 0*f - f**3 + 1 - f. Suppose 0 = q + 2*q + 12. Let x be h(q). Calculate the highest common divisor of 1 and x.
1
Suppose 4*k - d - 36 = 0, d + 2*d + 52 = 5*k. Let f be (-1)/(-3) - 114/(-9). Suppose -f + 3 = -5*i. Calculate the highest common factor of k and i.
2
Let v = -5 + 5. Suppose 5*z - 350 = -v*z. What is the highest common divisor of z and 14?
14
Let b be (-1)/(-1) + 18 + -7. Calculate the highest common factor of b and 12.
12
Let a(b) = 11*b - 3. Let s be a(6). What is the greatest common factor of 42 and s?
21
Let b(o) = 4*o**2 + 3*o + 4. Let f be b(-4). What is the greatest common divisor of 7 and f?
7
Let n(r) = r**2 + 6*r - 6. Let m be n(-8). Calculate the greatest common factor of 50 and m.
10
Suppose 6*f = f + 960. What is the greatest common divisor of f and 32?
32
Let p be 2 + 0 + 2 + 0. Suppose -p*u + 217 + 163 = 0. What is the greatest common factor of u and 38?
19
Let j(h) = 3*h**2 + 3*h. Let g be 42/(-11) - (-12)/(-66). Let n be j(g). What is the highest common factor of n and 24?
12
Let o(k) be the third derivative of k**5/30 - k**4/8 + k**3/2 + k**2. Let a be o(-3). Calculate the highest common factor of 12 and a.
6
Let y(d) = 14*d - 2. Let c be y(5). What is the highest common divisor of 17 and c?
17
Let w = 27 + -21. Calculate the highest common factor of w and 48.
6
Let v be ((-2)/(-5))/((-2)/(-10)). Suppose 0*n + 30 = 5*i + v*n, 2*i - 4*n = 12. Calculate the greatest common factor of 54 and i.
6
Let x(m) = -m**3 + 7*m**2 - 5*m - 1. Let l be x(5). Suppose -l = -2*f + 5*f. Let p be (-4)/f - 18/(-4). What is the greatest common factor of 5 and p?
5
Let v = -2 - -6. Suppose -d - v*g = 0, 5*d - 5*g + 2*g - 46 = 0. What is the highest common factor of 16 and d?
8
Let g(s) = -6*s. Suppose -i + 2*z + 5 = -0, 19 = -5*i - z. Let h be g(i). Calculate the greatest common divisor of 144 and h.
18
Suppose 3*j = 5*f + 4, -5*j = -3*f - 2*f - 10. Let u be (2 - -1)/(0 - -1). Calculate the greatest common divisor of u and j.
3
Suppose -5*p - 5*g + 195 = -0*g, g - 117 = -3*p. Let i be -5 + -31*(-7 + 6). Calculate the highest common divisor of i and p.
13
Let s(m) = -m. Let z be s(-6). Calculate the highest common factor of z and 4.
2
Let v(a) = -a**2 - 9*a - 3. Let x be v(-8). Suppose -4*s - 22 = -5*g + 26, 75 = 5*g + x*s. What is the greatest common divisor of 48 and g?
12
Suppose -3*i = i - 4*v - 656, 496 = 3*i - 4*v. What is the highest common divisor of i and 40?
40
Suppose 3*k - 4*q - 21 = 0, -k + 3*q = -7 - 0. Let l = 151 - 74. What is the greatest common divisor of l and k?
7
Suppose 2 + 22 = 3*q. Calculate the highest common factor of q and 8.
8
Suppose 10*z - 64 = 6*z. Suppose n - 3 = -g, -n - 3*g + 4*g = -5. Calculate the highest common divisor of n and z.
4
Let d = 3 - 0. Let k be 40*(-2)/(-15)*d. Calculate the greatest common divisor of 176 and k.
16
Suppose 5*x + 7 = -3, -2*m + 26 = -2*x. Calculate the greatest c